{"id":17019,"date":"2022-07-03T19:15:48","date_gmt":"2022-07-03T17:15:48","guid":{"rendered":"https:\/\/www.kulturzentrum.greifswald.de\/project\/ceramika\/"},"modified":"2022-08-24T15:16:21","modified_gmt":"2022-08-24T13:16:21","slug":"ceramika","status":"publish","type":"project","link":"https:\/\/www.kulturzentrum.greifswald.de\/pl\/project\/ceramika\/","title":{"rendered":"Ceramika"},"content":{"rendered":"[et_pb_section fb_built=&#8221;1&#8243; _builder_version=&#8221;4.17.4&#8243; _module_preset=&#8221;default&#8221; global_colors_info=&#8221;{}&#8221;][et_pb_row column_structure=&#8221;2_5,3_5&#8243; _builder_version=&#8221;4.17.4&#8243; _module_preset=&#8221;default&#8221; global_colors_info=&#8221;{}&#8221;][et_pb_column type=&#8221;2_5&#8243; _builder_version=&#8221;4.17.4&#8243; _module_preset=&#8221;default&#8221; global_colors_info=&#8221;{}&#8221;][et_pb_text _builder_version=&#8221;4.17.4&#8243; _module_preset=&#8221;default&#8221; header_font=&#8221;Cormorant Garamond|700|||||||&#8221; header_font_size=&#8221;40px&#8221; custom_margin=&#8221;30px|||||&#8221; hover_enabled=&#8221;0&#8243; global_colors_info=&#8221;{}&#8221; sticky_enabled=&#8221;0&#8243;]\n<h1><span>Ceramika<\/span><\/h1>\n<div>\n<p><span lang=\"PL\">Kursy otwarte dla wszystkich grup wiekowych<br \/><span>\u2013 tworzenie ceramiki bez u\u017cycia ko<\/span><\/span><span lang=\"PL\">\u0142<\/span><span lang=\"PL\">a garncarskiego<br \/><strong><br \/>Op\u0142ata za kurs:<\/strong> 10,00 \u20ac<br \/><\/span><\/p>\n<\/div>\n<p><strong>Kiedy: <\/strong><\/p>\n<ul>\n<li>w ka\u017cdy poniedzia\u0142ek o godz. 15.30<\/li>\n<li>w ka\u017cd\u0105 \u015brod\u0119 w godz. 9 &#8211; 11.<\/li>\n<li>w ka\u017cd\u0105 \u015brod\u0119 od 16.30<\/li>\n<li>w ka\u017cd\u0105 \u015brod\u0119 od 18.30<\/li>\n<\/ul>\n[\/et_pb_text][\/et_pb_column][et_pb_column type=&#8221;3_5&#8243; _builder_version=&#8221;4.17.4&#8243; _module_preset=&#8221;default&#8221; global_colors_info=&#8221;{}&#8221;][et_pb_image src=&#8221;https:\/\/www.kulturzentrum.greifswald.de\/wp-content\/uploads\/2022\/07\/kurs_Keramik.jpg&#8221; title_text=&#8221;kurs_ceramiki&#8221; _builder_version=&#8221;4.17.4&#8243; _module_preset=&#8221;default&#8221; global_colors_info=&#8221;{}&#8221;][\/et_pb_image][et_pb_button button_url=&#8221;@ET-DC@eyJkeW5hbWljIjp0cnVlLCJjb250ZW50IjoicG9zdF9saW5rX3VybF9wYWdlIiwic2V0dGluZ3MiOnsicG9zdF9pZCI6IjE2NDA1In19@&#8221; button_text=&#8221;powr\u00f3t do przegl\u0105du kurs\u00f3w&#8221; button_alignment=&#8221;right&#8221; _builder_version=&#8221;4.17.4&#8243; _dynamic_attributes=&#8221;button_url&#8221; _module_preset=&#8221;default&#8221; custom_margin=&#8221;||36px|||&#8221; global_colors_info=&#8221;{}&#8221;][\/et_pb_button][\/et_pb_column][\/et_pb_row][\/et_pb_section]\n","protected":false},"excerpt":{"rendered":"<p>Ceramika Kursy otwarte dla wszystkich grup wiekowych\u2013 tworzenie ceramiki bez u\u017cycia ko\u0142a garncarskiegoOp\u0142ata za kurs: 10,00 \u20ac Kiedy: w ka\u017cdy poniedzia\u0142ek o godz. 15.30 w ka\u017cd\u0105 \u015brod\u0119 w godz. 9 [&hellip;]<\/p>\n","protected":false},"author":7,"featured_media":16417,"comment_status":"closed","ping_status":"closed","template":"","meta":{"_et_pb_use_builder":"on","_et_pb_old_content":"","_et_gb_content_width":""},"project_category":[120],"project_tag":[],"acf":[],"_links":{"self":[{"href":"https:\/\/www.kulturzentrum.greifswald.de\/pl\/wp-json\/wp\/v2\/project\/17019"}],"collection":[{"href":"https:\/\/www.kulturzentrum.greifswald.de\/pl\/wp-json\/wp\/v2\/project"}],"about":[{"href":"https:\/\/www.kulturzentrum.greifswald.de\/pl\/wp-json\/wp\/v2\/types\/project"}],"author":[{"embeddable":true,"href":"https:\/\/www.kulturzentrum.greifswald.de\/pl\/wp-json\/wp\/v2\/users\/7"}],"replies":[{"embeddable":true,"href":"https:\/\/www.kulturzentrum.greifswald.de\/pl\/wp-json\/wp\/v2\/comments?post=17019"}],"version-history":[{"count":0,"href":"https:\/\/www.kulturzentrum.greifswald.de\/pl\/wp-json\/wp\/v2\/project\/17019\/revisions"}],"wp:featuredmedia":[{"embeddable":true,"href":"https:\/\/www.kulturzentrum.greifswald.de\/pl\/wp-json\/wp\/v2\/media\/16417"}],"wp:attachment":[{"href":"https:\/\/www.kulturzentrum.greifswald.de\/pl\/wp-json\/wp\/v2\/media?parent=17019"}],"wp:term":[{"taxonomy":"project_category","embeddable":true,"href":"https:\/\/www.kulturzentrum.greifswald.de\/pl\/wp-json\/wp\/v2\/project_category?post=17019"},{"taxonomy":"project_tag","embeddable":true,"href":"https:\/\/www.kulturzentrum.greifswald.de\/pl\/wp-json\/wp\/v2\/project_tag?post=17019"}],"curies":[{"name":"wp","href":"https:\/\/api.w.org\/{rel}","templated":true}]}}

[et_pb_section fb_built=&#8221;1&#8243; _builder_version=&#8221;4.17.4&#8243; _module_preset=&#8221;default&#8221; global_colors_info=&#8221;{}&#8221;][et_pb_row column_structure=&#8221;2_5,3_5&#8243; _builder_version=&#8221;4.17.4&#8243; _module_preset=&#8221;default&#8221; global_colors_info=&#8221;{}&#8221;][et_pb_column type=&#8221;2_5&#8243; _builder_version=&#8221;4.17.4&#8243; _module_preset=&#8221;default&#8221; global_colors_info=&#8221;{}&#8221;][et_pb_text _builder_version=&#8221;4.17.4&#8243; _module_preset=&#8221;default&#8221; header_font=&#8221;Cormorant Garamond|700|||||||&#8221; header_font_size=&#8221;40px&#8221; custom_margin=&#8221;30px|||||&#8221; hover_enabled=&#8221;0&#8243; global_colors_info=&#8221;{}&#8221; sticky_enabled=&#8221;0&#8243;]
<h1><span>Ceramika</span></h1>
<div>
<p><span lang="PL">Kursy otwarte dla wszystkich grup wiekowych<br /><span>– tworzenie ceramiki bez użycia ko</span></span><span lang="PL">ł</span><span lang="PL">a garncarskiego<br /><strong><br />Opłata za kurs:</strong> 10,00 €<br /></span></p>
</div>
<p><strong>Kiedy: </strong></p>
<ul>
<li>w każdy poniedziałek o godz. 15.30</li>
<li>w każdą środę w godz. 9 &#8211; 11.</li>
<li>w każdą środę od 16.30</li>
<li>w każdą środę od 18.30</li>
</ul>
[/et_pb_text][/et_pb_column][et_pb_column type=&#8221;3_5&#8243; _builder_version=&#8221;4.17.4&#8243; _module_preset=&#8221;default&#8221; global_colors_info=&#8221;{}&#8221;][et_pb_image src=&#8221;https://www.kulturzentrum.greifswald.de/wp-content/uploads/2022/07/kurs_Keramik.jpg&#8221; title_text=&#8221;kurs_ceramiki&#8221; _builder_version=&#8221;4.17.4&#8243; _module_preset=&#8221;default&#8221; global_colors_info=&#8221;{}&#8221;][/et_pb_image][et_pb_button button_url=&#8221;@ET-DC@eyJkeW5hbWljIjp0cnVlLCJjb250ZW50IjoicG9zdF9saW5rX3VybF9wYWdlIiwic2V0dGluZ3MiOnsicG9zdF9pZCI6IjE2NDA1In19@&#8221; button_text=&#8221;powrót do przeglądu kursów&#8221; button_alignment=&#8221;right&#8221; _builder_version=&#8221;4.17.4&#8243; _dynamic_attributes=&#8221;button_url&#8221; _module_preset=&#8221;default&#8221; custom_margin=&#8221;||36px|||&#8221; global_colors_info=&#8221;{}&#8221;][/et_pb_button][/et_pb_column][/et_pb_row][/et_pb_section]

<p>Ceramika Kursy otwarte dla wszystkich grup wiekowych– tworzenie ceramiki bez użycia koła garncarskiegoOpłata za kurs: 10,00 € Kiedy: w każdy poniedziałek o godz. 15.30 w każdą środę w godz. 9 [&hellip;]</p>
