{"id":17010,"date":"2022-07-03T19:14:46","date_gmt":"2022-07-03T17:14:46","guid":{"rendered":"https:\/\/www.kulturzentrum.greifswald.de\/project\/late-night-singers\/"},"modified":"2022-08-24T15:22:03","modified_gmt":"2022-08-24T13:22:03","slug":"late-night-singers","status":"publish","type":"project","link":"https:\/\/www.kulturzentrum.greifswald.de\/pl\/project\/late-night-singers\/","title":{"rendered":"Late Night Singers"},"content":{"rendered":"[et_pb_section fb_built=&#8221;1&#8243; _builder_version=&#8221;4.17.4&#8243; _module_preset=&#8221;default&#8221; global_colors_info=&#8221;{}&#8221;][et_pb_row column_structure=&#8221;2_5,3_5&#8243; _builder_version=&#8221;4.17.4&#8243; _module_preset=&#8221;default&#8221; global_colors_info=&#8221;{}&#8221;][et_pb_column type=&#8221;2_5&#8243; _builder_version=&#8221;4.17.4&#8243; _module_preset=&#8221;default&#8221; global_colors_info=&#8221;{}&#8221;][et_pb_text _builder_version=&#8221;4.17.4&#8243; _module_preset=&#8221;default&#8221; header_font=&#8221;Cormorant Garamond|700|||||||&#8221; header_font_size=&#8221;40px&#8221; custom_margin=&#8221;29px|||||&#8221; hover_enabled=&#8221;0&#8243; global_colors_info=&#8221;{}&#8221; sticky_enabled=&#8221;0&#8243;]\n<h1>Ch\u00f3r m\u0142odzie\u017cowy &#8222;<span lang=\"EN-US\">Late night singers&#8221;<\/span><\/h1>\n<div><span lang=\"PL\">Repertuar zespo\u0142u obejmuje dzie\u0142a z okresu renesansu i baroku, kompozycje z okresu romantyzmu po polifoniczne wsp\u00f3\u0142czesne utwory ch\u00f3ralne a cappella i jest stale poszerzany. Jednym z g\u0142\u00f3wnych punkt\u00f3w programu koncert\u00f3w jest muzyka ch\u00f3ralna XX oraz XXI w.<\/span><\/div>\n<p><strong><br \/>Kiedy:<\/strong> Poniedzia\u0142ki 19.00<br \/><strong>Wi\u0119cej informacji:<\/strong> <a href=\"https:\/\/www.chor-greifswald.de\/late-night-singers\/\" target=\"_blank\" rel=\"noopener\">www.chor-greifswald.de\/late-night-singers<\/a><\/p>\n<p><span> <\/span><\/p>\n[\/et_pb_text][\/et_pb_column][et_pb_column type=&#8221;3_5&#8243; _builder_version=&#8221;4.17.4&#8243; _module_preset=&#8221;default&#8221; global_colors_info=&#8221;{}&#8221;][et_pb_image src=&#8221;https:\/\/www.kulturzentrum.greifswald.de\/wp-content\/uploads\/2022\/07\/Kurs_late-night-singers.jpg&#8221; alt=&#8221;Zdj\u0119cie: Katharina Merz&#8221; title_text=&#8221;Kurs_late-night-singers&#8221; _builder_version=&#8221;4.17.4&#8243; _module_preset=&#8221;default&#8221; custom_margin=&#8221;||11px|||&#8221; global_colors_info=&#8221;{}&#8221;][\/et_pb_image][et_pb_text _builder_version=&#8221;4.17.4&#8243; _module_preset=&#8221;default&#8221; custom_margin=&#8221;-9px|||||&#8221; global_colors_info=&#8221;{}&#8221;]\n<p><span>Zdj\u0119cie: Katharina Merz<\/span><\/p>\n[\/et_pb_text][et_pb_button button_url=&#8221;@ET-DC@eyJkeW5hbWljIjp0cnVlLCJjb250ZW50IjoicG9zdF9saW5rX3VybF9wYWdlIiwic2V0dGluZ3MiOnsicG9zdF9pZCI6IjE2NDA1In19@&#8221; button_text=&#8221;powr\u00f3t do przegl\u0105du kurs\u00f3w&#8221; button_alignment=&#8221;right&#8221; _builder_version=&#8221;4.17.4&#8243; _dynamic_attributes=&#8221;button_url&#8221; _module_preset=&#8221;default&#8221; custom_margin=&#8221;||36px|||&#8221; global_colors_info=&#8221;{}&#8221;][\/et_pb_button][\/et_pb_column][\/et_pb_row][\/et_pb_section]\n","protected":false},"excerpt":{"rendered":"<p>Ch\u00f3r m\u0142odzie\u017cowy &#8222;Late night singers&#8221; Repertuar zespo\u0142u obejmuje dzie\u0142a z okresu renesansu i baroku, kompozycje z okresu romantyzmu po polifoniczne wsp\u00f3\u0142czesne utwory ch\u00f3ralne a cappella i jest stale poszerzany. Jednym [&hellip;]<\/p>\n","protected":false},"author":7,"featured_media":16446,"comment_status":"closed","ping_status":"closed","template":"","meta":{"_et_pb_use_builder":"on","_et_pb_old_content":"","_et_gb_content_width":""},"project_category":[122],"project_tag":[],"acf":[],"_links":{"self":[{"href":"https:\/\/www.kulturzentrum.greifswald.de\/pl\/wp-json\/wp\/v2\/project\/17010"}],"collection":[{"href":"https:\/\/www.kulturzentrum.greifswald.de\/pl\/wp-json\/wp\/v2\/project"}],"about":[{"href":"https:\/\/www.kulturzentrum.greifswald.de\/pl\/wp-json\/wp\/v2\/types\/project"}],"author":[{"embeddable":true,"href":"https:\/\/www.kulturzentrum.greifswald.de\/pl\/wp-json\/wp\/v2\/users\/7"}],"replies":[{"embeddable":true,"href":"https:\/\/www.kulturzentrum.greifswald.de\/pl\/wp-json\/wp\/v2\/comments?post=17010"}],"version-history":[{"count":0,"href":"https:\/\/www.kulturzentrum.greifswald.de\/pl\/wp-json\/wp\/v2\/project\/17010\/revisions"}],"wp:featuredmedia":[{"embeddable":true,"href":"https:\/\/www.kulturzentrum.greifswald.de\/pl\/wp-json\/wp\/v2\/media\/16446"}],"wp:attachment":[{"href":"https:\/\/www.kulturzentrum.greifswald.de\/pl\/wp-json\/wp\/v2\/media?parent=17010"}],"wp:term":[{"taxonomy":"project_category","embeddable":true,"href":"https:\/\/www.kulturzentrum.greifswald.de\/pl\/wp-json\/wp\/v2\/project_category?post=17010"},{"taxonomy":"project_tag","embeddable":true,"href":"https:\/\/www.kulturzentrum.greifswald.de\/pl\/wp-json\/wp\/v2\/project_tag?post=17010"}],"curies":[{"name":"wp","href":"https:\/\/api.w.org\/{rel}","templated":true}]}}

[et_pb_section fb_built=&#8221;1&#8243; _builder_version=&#8221;4.17.4&#8243; _module_preset=&#8221;default&#8221; global_colors_info=&#8221;{}&#8221;][et_pb_row column_structure=&#8221;2_5,3_5&#8243; _builder_version=&#8221;4.17.4&#8243; _module_preset=&#8221;default&#8221; global_colors_info=&#8221;{}&#8221;][et_pb_column type=&#8221;2_5&#8243; _builder_version=&#8221;4.17.4&#8243; _module_preset=&#8221;default&#8221; global_colors_info=&#8221;{}&#8221;][et_pb_text _builder_version=&#8221;4.17.4&#8243; _module_preset=&#8221;default&#8221; header_font=&#8221;Cormorant Garamond|700|||||||&#8221; header_font_size=&#8221;40px&#8221; custom_margin=&#8221;29px|||||&#8221; hover_enabled=&#8221;0&#8243; global_colors_info=&#8221;{}&#8221; sticky_enabled=&#8221;0&#8243;]
<h1>Chór młodzieżowy &#8222;<span lang="EN-US">Late night singers&#8221;</span></h1>
<div><span lang="PL">Repertuar zespołu obejmuje dzieła z okresu renesansu i baroku, kompozycje z okresu romantyzmu po polifoniczne współczesne utwory chóralne a cappella i jest stale poszerzany. Jednym z głównych punktów programu koncertów jest muzyka chóralna XX oraz XXI w.</span></div>
<p><strong><br />Kiedy:</strong> Poniedziałki 19.00<br /><strong>Więcej informacji:</strong> <a href="https://www.chor-greifswald.de/late-night-singers/" target="_blank" rel="noopener">www.chor-greifswald.de/late-night-singers</a></p>
<p><span> </span></p>
[/et_pb_text][/et_pb_column][et_pb_column type=&#8221;3_5&#8243; _builder_version=&#8221;4.17.4&#8243; _module_preset=&#8221;default&#8221; global_colors_info=&#8221;{}&#8221;][et_pb_image src=&#8221;https://www.kulturzentrum.greifswald.de/wp-content/uploads/2022/07/Kurs_late-night-singers.jpg&#8221; alt=&#8221;Zdjęcie: Katharina Merz&#8221; title_text=&#8221;Kurs_late-night-singers&#8221; _builder_version=&#8221;4.17.4&#8243; _module_preset=&#8221;default&#8221; custom_margin=&#8221;||11px|||&#8221; global_colors_info=&#8221;{}&#8221;][/et_pb_image][et_pb_text _builder_version=&#8221;4.17.4&#8243; _module_preset=&#8221;default&#8221; custom_margin=&#8221;-9px|||||&#8221; global_colors_info=&#8221;{}&#8221;]
<p><span>Zdjęcie: Katharina Merz</span></p>
[/et_pb_text][et_pb_button button_url=&#8221;@ET-DC@eyJkeW5hbWljIjp0cnVlLCJjb250ZW50IjoicG9zdF9saW5rX3VybF9wYWdlIiwic2V0dGluZ3MiOnsicG9zdF9pZCI6IjE2NDA1In19@&#8221; button_text=&#8221;powrót do przeglądu kursów&#8221; button_alignment=&#8221;right&#8221; _builder_version=&#8221;4.17.4&#8243; _dynamic_attributes=&#8221;button_url&#8221; _module_preset=&#8221;default&#8221; custom_margin=&#8221;||36px|||&#8221; global_colors_info=&#8221;{}&#8221;][/et_pb_button][/et_pb_column][/et_pb_row][/et_pb_section]

<p>Chór młodzieżowy &#8222;Late night singers&#8221; Repertuar zespołu obejmuje dzieła z okresu renesansu i baroku, kompozycje z okresu romantyzmu po polifoniczne współczesne utwory chóralne a cappella i jest stale poszerzany. Jednym [&hellip;]</p>
