{"id":17007,"date":"2022-07-03T19:14:26","date_gmt":"2022-07-03T17:14:26","guid":{"rendered":"https:\/\/www.kulturzentrum.greifswald.de\/project\/chor-st-spiritus\/"},"modified":"2022-07-03T19:14:28","modified_gmt":"2022-07-03T17:14:28","slug":"chor-st-spiritus","status":"publish","type":"project","link":"https:\/\/www.kulturzentrum.greifswald.de\/pl\/project\/chor-st-spiritus\/","title":{"rendered":"CH\u00d3R &#8222;St.Spiritus"},"content":{"rendered":"[et_pb_section fb_built=&#8221;1&#8243; _builder_version=&#8221;4.17.4&#8243; _module_preset=&#8221;default&#8221; global_colors_info=&#8221;{}&#8221;][et_pb_row column_structure=&#8221;2_5,3_5&#8243; _builder_version=&#8221;4.17.4&#8243; _module_preset=&#8221;default&#8221; global_colors_info=&#8221;{}&#8221;][et_pb_column type=&#8221;2_5&#8243; _builder_version=&#8221;4.17.4&#8243; _module_preset=&#8221;default&#8221; global_colors_info=&#8221;{}&#8221;][et_pb_text _builder_version=&#8221;4.17.4&#8243; _module_preset=&#8221;default&#8221; hover_enabled=&#8221;0&#8243; global_colors_info=&#8221;{}&#8221; custom_margin=&#8221;25px|||||&#8221; header_font=&#8221;Cormorant Garamond|700|||||||&#8221; header_font_size=&#8221;40px&#8221; sticky_enabled=&#8221;0&#8243;]\n<h1>CH\u00d3R &#8222;St.Spiritus<\/h1>\n<p><span>Mi\u0142o\u015bnicy \u015bpiewu s\u0105 mile widziani w naszym mieszanym ch\u00f3rze amatorskim, szczeg\u00f3lnie g\u0142osy m\u0119skie! Od 2006 roku dyrektorem naszego ch\u00f3ru i dyrektorem ch\u00f3ru kraju zwi\u0105zkowego Meklemburgia-Pomorze Przednie jest pani.  <\/span>Dr Sigrid Biffar<span>Ch\u00f3r, r\u00f3wnie radosny i motywuj\u0105cy, co kompetentny i konsekwentny, prezentuje atrakcyjny repertuar piosenek regionalnych, krajowych i mi\u0119dzynarodowych. Literatura obejmuje utwory ch\u00f3ralne ze wszystkich wiek\u00f3w od renesansu po kompozycje wsp\u00f3\u0142czesne.<\/span><\/p>\n<p><strong>Kiedy:<\/strong> \u015arody 19:00<br \/><strong>Wi\u0119cej informacji: <\/strong><a href=\"https:\/\/www.chor-greifswald.de\/chor-von-st-spiritus\/\" target=\"_blank\" rel=\"noopener\">www.chor-greifswald.de\/chor-von-st-spiritus<\/a><\/p>\n<p><span> <\/span><\/p>\n[\/et_pb_text][\/et_pb_column][et_pb_column type=&#8221;3_5&#8243; _builder_version=&#8221;4.17.4&#8243; _module_preset=&#8221;default&#8221; global_colors_info=&#8221;{}&#8221;][et_pb_image src=&#8221;https:\/\/www.kulturzentrum.greifswald.de\/wp-content\/uploads\/2022\/07\/kurs-chor.jpg&#8221; alt=&#8221;Zdj\u0119cie: Katharina Merz&#8221; title_text=&#8221;ch\u00f3r kursowy&#8221; _builder_version=&#8221;4.17.4&#8243; _module_preset=&#8221;default&#8221; custom_margin=&#8221;||11px|||&#8221; global_colors_info=&#8221;{}&#8221;][\/et_pb_image][et_pb_button button_url=&#8221;@ET-DC@eyJkeW5hbWljIjp0cnVlLCJjb250ZW50IjoicG9zdF9saW5rX3VybF9wYWdlIiwic2V0dGluZ3MiOnsicG9zdF9pZCI6IjE2NDA1In19@&#8221; button_text=&#8221;powr\u00f3t do przegl\u0105du kurs\u00f3w&#8221; button_alignment=&#8221;right&#8221; _builder_version=&#8221;4.17.4&#8243; _dynamic_attributes=&#8221;button_url&#8221; _module_preset=&#8221;default&#8221; custom_margin=&#8221;||36px|||&#8221; global_colors_info=&#8221;{}&#8221; global_module=&#8221;16888&#8243; theme_builder_area=&#8221;post_content&#8221;][\/et_pb_button][\/et_pb_column][\/et_pb_row][\/et_pb_section]\n","protected":false},"excerpt":{"rendered":"<p>CH\u00d3R &#8222;St.Spiritus Mi\u0142o\u015bnicy \u015bpiewu s\u0105 mile widziani w naszym mieszanym ch\u00f3rze amatorskim, szczeg\u00f3lnie g\u0142osy m\u0119skie! Od 2006 roku dyrektorem naszego ch\u00f3ru i dyrektorem ch\u00f3ru kraju zwi\u0105zkowego Meklemburgia-Pomorze Przednie jest pani. [&hellip;]<\/p>\n","protected":false},"author":7,"featured_media":16421,"comment_status":"closed","ping_status":"closed","template":"","meta":{"_et_pb_use_builder":"on","_et_pb_old_content":"","_et_gb_content_width":""},"project_category":[122],"project_tag":[],"acf":[],"_links":{"self":[{"href":"https:\/\/www.kulturzentrum.greifswald.de\/pl\/wp-json\/wp\/v2\/project\/17007"}],"collection":[{"href":"https:\/\/www.kulturzentrum.greifswald.de\/pl\/wp-json\/wp\/v2\/project"}],"about":[{"href":"https:\/\/www.kulturzentrum.greifswald.de\/pl\/wp-json\/wp\/v2\/types\/project"}],"author":[{"embeddable":true,"href":"https:\/\/www.kulturzentrum.greifswald.de\/pl\/wp-json\/wp\/v2\/users\/7"}],"replies":[{"embeddable":true,"href":"https:\/\/www.kulturzentrum.greifswald.de\/pl\/wp-json\/wp\/v2\/comments?post=17007"}],"version-history":[{"count":0,"href":"https:\/\/www.kulturzentrum.greifswald.de\/pl\/wp-json\/wp\/v2\/project\/17007\/revisions"}],"wp:featuredmedia":[{"embeddable":true,"href":"https:\/\/www.kulturzentrum.greifswald.de\/pl\/wp-json\/wp\/v2\/media\/16421"}],"wp:attachment":[{"href":"https:\/\/www.kulturzentrum.greifswald.de\/pl\/wp-json\/wp\/v2\/media?parent=17007"}],"wp:term":[{"taxonomy":"project_category","embeddable":true,"href":"https:\/\/www.kulturzentrum.greifswald.de\/pl\/wp-json\/wp\/v2\/project_category?post=17007"},{"taxonomy":"project_tag","embeddable":true,"href":"https:\/\/www.kulturzentrum.greifswald.de\/pl\/wp-json\/wp\/v2\/project_tag?post=17007"}],"curies":[{"name":"wp","href":"https:\/\/api.w.org\/{rel}","templated":true}]}}

CHÓR &#8222;St.Spiritus

[et_pb_section fb_built=&#8221;1&#8243; _builder_version=&#8221;4.17.4&#8243; _module_preset=&#8221;default&#8221; global_colors_info=&#8221;{}&#8221;][et_pb_row column_structure=&#8221;2_5,3_5&#8243; _builder_version=&#8221;4.17.4&#8243; _module_preset=&#8221;default&#8221; global_colors_info=&#8221;{}&#8221;][et_pb_column type=&#8221;2_5&#8243; _builder_version=&#8221;4.17.4&#8243; _module_preset=&#8221;default&#8221; global_colors_info=&#8221;{}&#8221;][et_pb_text _builder_version=&#8221;4.17.4&#8243; _module_preset=&#8221;default&#8221; hover_enabled=&#8221;0&#8243; global_colors_info=&#8221;{}&#8221; custom_margin=&#8221;25px|||||&#8221; header_font=&#8221;Cormorant Garamond|700|||||||&#8221; header_font_size=&#8221;40px&#8221; sticky_enabled=&#8221;0&#8243;]
<h1>CHÓR &#8222;St.Spiritus</h1>
<p><span>Miłośnicy śpiewu są mile widziani w naszym mieszanym chórze amatorskim, szczególnie głosy męskie! Od 2006 roku dyrektorem naszego chóru i dyrektorem chóru kraju związkowego Meklemburgia-Pomorze Przednie jest pani.  </span>Dr Sigrid Biffar<span>Chór, równie radosny i motywujący, co kompetentny i konsekwentny, prezentuje atrakcyjny repertuar piosenek regionalnych, krajowych i międzynarodowych. Literatura obejmuje utwory chóralne ze wszystkich wieków od renesansu po kompozycje współczesne.</span></p>
<p><strong>Kiedy:</strong> Środy 19:00<br /><strong>Więcej informacji: </strong><a href="https://www.chor-greifswald.de/chor-von-st-spiritus/" target="_blank" rel="noopener">www.chor-greifswald.de/chor-von-st-spiritus</a></p>
<p><span> </span></p>
[/et_pb_text][/et_pb_column][et_pb_column type=&#8221;3_5&#8243; _builder_version=&#8221;4.17.4&#8243; _module_preset=&#8221;default&#8221; global_colors_info=&#8221;{}&#8221;][et_pb_image src=&#8221;https://www.kulturzentrum.greifswald.de/wp-content/uploads/2022/07/kurs-chor.jpg&#8221; alt=&#8221;Zdjęcie: Katharina Merz&#8221; title_text=&#8221;chór kursowy&#8221; _builder_version=&#8221;4.17.4&#8243; _module_preset=&#8221;default&#8221; custom_margin=&#8221;||11px|||&#8221; global_colors_info=&#8221;{}&#8221;][/et_pb_image][et_pb_button button_url=&#8221;@ET-DC@eyJkeW5hbWljIjp0cnVlLCJjb250ZW50IjoicG9zdF9saW5rX3VybF9wYWdlIiwic2V0dGluZ3MiOnsicG9zdF9pZCI6IjE2NDA1In19@&#8221; button_text=&#8221;powrót do przeglądu kursów&#8221; button_alignment=&#8221;right&#8221; _builder_version=&#8221;4.17.4&#8243; _dynamic_attributes=&#8221;button_url&#8221; _module_preset=&#8221;default&#8221; custom_margin=&#8221;||36px|||&#8221; global_colors_info=&#8221;{}&#8221; global_module=&#8221;16888&#8243; theme_builder_area=&#8221;post_content&#8221;][/et_pb_button][/et_pb_column][/et_pb_row][/et_pb_section]

<p>CHÓR &#8222;St.Spiritus Miłośnicy śpiewu są mile widziani w naszym mieszanym chórze amatorskim, szczególnie głosy męskie! Od 2006 roku dyrektorem naszego chóru i dyrektorem chóru kraju związkowego Meklemburgia-Pomorze Przednie jest pani. [&hellip;]</p>
