{"id":17004,"date":"2022-07-03T19:13:53","date_gmt":"2022-07-03T17:13:53","guid":{"rendered":"https:\/\/www.kulturzentrum.greifswald.de\/project\/wirujace-kolo\/"},"modified":"2022-08-24T15:24:58","modified_gmt":"2022-08-24T13:24:58","slug":"wirujace-kolo","status":"publish","type":"project","link":"https:\/\/www.kulturzentrum.greifswald.de\/pl\/project\/wirujace-kolo\/","title":{"rendered":"Wiruj\u0105ce ko\u0142o"},"content":{"rendered":"[et_pb_section fb_built=&#8221;1&#8243; _builder_version=&#8221;4.17.4&#8243; _module_preset=&#8221;default&#8221; global_colors_info=&#8221;{}&#8221;][et_pb_row column_structure=&#8221;2_5,3_5&#8243; _builder_version=&#8221;4.17.4&#8243; _module_preset=&#8221;default&#8221; global_colors_info=&#8221;{}&#8221;][et_pb_column type=&#8221;2_5&#8243; _builder_version=&#8221;4.17.4&#8243; _module_preset=&#8221;default&#8221; global_colors_info=&#8221;{}&#8221;][et_pb_text _builder_version=&#8221;4.17.4&#8243; _module_preset=&#8221;default&#8221; header_font=&#8221;Cormorant Garamond|700|||||||&#8221; header_font_size=&#8221;40px&#8221; custom_margin=&#8221;28px|||||&#8221; hover_enabled=&#8221;0&#8243; global_colors_info=&#8221;{}&#8221; sticky_enabled=&#8221;0&#8243;]\n<h1><span lang=\"PL\">Wrzeciono<\/span><\/h1>\n<div>\n<p><span lang=\"PL\">Prz\u0119dzenie r\u0119czne i na kole prz\u0119dzalniczym<o:p><\/o:p><\/span><\/p>\n<\/div>\n<div><strong><span lang=\"PL\">Kiedy:<\/span><\/strong><span lang=\"PL\">\u00a0ka\u017cdy 1 i 3 wtorek miesi\u0105ca, godz. 17.00.<\/span><\/div>\n<div><\/div>\n<p><strong>Wi\u0119cej informacji: <\/strong><a href=\"https:\/\/spinnkreis-greifswald.de\" target=\"_blank\" rel=\"noopener\">spinnkreis-greifswald.de<\/a><\/p>\n[\/et_pb_text][\/et_pb_column][et_pb_column type=&#8221;3_5&#8243; _builder_version=&#8221;4.17.4&#8243; _module_preset=&#8221;default&#8221; global_colors_info=&#8221;{}&#8221;][et_pb_image src=&#8221;https:\/\/www.kulturzentrum.greifswald.de\/wp-content\/uploads\/2022\/07\/kurs_spinnkreis.jpg&#8221; alt=&#8221;Zdj\u0119cie: Katharina Merz&#8221; title_text=&#8221;kurs_spinania_ko\u0142a&#8221; _builder_version=&#8221;4.17.4&#8243; _module_preset=&#8221;default&#8221; custom_margin=&#8221;||11px|||&#8221; global_colors_info=&#8221;{}&#8221;][\/et_pb_image][et_pb_button button_url=&#8221;@ET-DC@eyJkeW5hbWljIjp0cnVlLCJjb250ZW50IjoicG9zdF9saW5rX3VybF9wYWdlIiwic2V0dGluZ3MiOnsicG9zdF9pZCI6IjE2NDA1In19@&#8221; button_text=&#8221;powr\u00f3t do przegl\u0105du kurs\u00f3w&#8221; button_alignment=&#8221;right&#8221; _builder_version=&#8221;4.17.4&#8243; _dynamic_attributes=&#8221;button_url&#8221; _module_preset=&#8221;default&#8221; custom_margin=&#8221;||36px|||&#8221; global_colors_info=&#8221;{}&#8221;][\/et_pb_button][\/et_pb_column][\/et_pb_row][\/et_pb_section]\n","protected":false},"excerpt":{"rendered":"<p>Wrzeciono Prz\u0119dzenie r\u0119czne i na kole prz\u0119dzalniczym Kiedy:\u00a0ka\u017cdy 1 i 3 wtorek miesi\u0105ca, godz. 17.00. Wi\u0119cej informacji: spinnkreis-greifswald.de<\/p>\n","protected":false},"author":7,"featured_media":24382,"comment_status":"closed","ping_status":"closed","template":"","meta":{"_et_pb_use_builder":"on","_et_pb_old_content":"","_et_gb_content_width":""},"project_category":[120],"project_tag":[],"acf":[],"_links":{"self":[{"href":"https:\/\/www.kulturzentrum.greifswald.de\/pl\/wp-json\/wp\/v2\/project\/17004"}],"collection":[{"href":"https:\/\/www.kulturzentrum.greifswald.de\/pl\/wp-json\/wp\/v2\/project"}],"about":[{"href":"https:\/\/www.kulturzentrum.greifswald.de\/pl\/wp-json\/wp\/v2\/types\/project"}],"author":[{"embeddable":true,"href":"https:\/\/www.kulturzentrum.greifswald.de\/pl\/wp-json\/wp\/v2\/users\/7"}],"replies":[{"embeddable":true,"href":"https:\/\/www.kulturzentrum.greifswald.de\/pl\/wp-json\/wp\/v2\/comments?post=17004"}],"version-history":[{"count":0,"href":"https:\/\/www.kulturzentrum.greifswald.de\/pl\/wp-json\/wp\/v2\/project\/17004\/revisions"}],"wp:featuredmedia":[{"embeddable":true,"href":"https:\/\/www.kulturzentrum.greifswald.de\/pl\/wp-json\/wp\/v2\/media\/24382"}],"wp:attachment":[{"href":"https:\/\/www.kulturzentrum.greifswald.de\/pl\/wp-json\/wp\/v2\/media?parent=17004"}],"wp:term":[{"taxonomy":"project_category","embeddable":true,"href":"https:\/\/www.kulturzentrum.greifswald.de\/pl\/wp-json\/wp\/v2\/project_category?post=17004"},{"taxonomy":"project_tag","embeddable":true,"href":"https:\/\/www.kulturzentrum.greifswald.de\/pl\/wp-json\/wp\/v2\/project_tag?post=17004"}],"curies":[{"name":"wp","href":"https:\/\/api.w.org\/{rel}","templated":true}]}}

Wirujące koło

[et_pb_section fb_built=&#8221;1&#8243; _builder_version=&#8221;4.17.4&#8243; _module_preset=&#8221;default&#8221; global_colors_info=&#8221;{}&#8221;][et_pb_row column_structure=&#8221;2_5,3_5&#8243; _builder_version=&#8221;4.17.4&#8243; _module_preset=&#8221;default&#8221; global_colors_info=&#8221;{}&#8221;][et_pb_column type=&#8221;2_5&#8243; _builder_version=&#8221;4.17.4&#8243; _module_preset=&#8221;default&#8221; global_colors_info=&#8221;{}&#8221;][et_pb_text _builder_version=&#8221;4.17.4&#8243; _module_preset=&#8221;default&#8221; header_font=&#8221;Cormorant Garamond|700|||||||&#8221; header_font_size=&#8221;40px&#8221; custom_margin=&#8221;28px|||||&#8221; hover_enabled=&#8221;0&#8243; global_colors_info=&#8221;{}&#8221; sticky_enabled=&#8221;0&#8243;]
<h1><span lang="PL">Wrzeciono</span></h1>
<div>
<p><span lang="PL">Przędzenie ręczne i na kole przędzalniczym<o:p></o:p></span></p>
</div>
<div><strong><span lang="PL">Kiedy:</span></strong><span lang="PL"> każdy 1 i 3 wtorek miesiąca, godz. 17.00.</span></div>
<div></div>
<p><strong>Więcej informacji: </strong><a href="https://spinnkreis-greifswald.de" target="_blank" rel="noopener">spinnkreis-greifswald.de</a></p>
[/et_pb_text][/et_pb_column][et_pb_column type=&#8221;3_5&#8243; _builder_version=&#8221;4.17.4&#8243; _module_preset=&#8221;default&#8221; global_colors_info=&#8221;{}&#8221;][et_pb_image src=&#8221;https://www.kulturzentrum.greifswald.de/wp-content/uploads/2022/07/kurs_spinnkreis.jpg&#8221; alt=&#8221;Zdjęcie: Katharina Merz&#8221; title_text=&#8221;kurs_spinania_koła&#8221; _builder_version=&#8221;4.17.4&#8243; _module_preset=&#8221;default&#8221; custom_margin=&#8221;||11px|||&#8221; global_colors_info=&#8221;{}&#8221;][/et_pb_image][et_pb_button button_url=&#8221;@ET-DC@eyJkeW5hbWljIjp0cnVlLCJjb250ZW50IjoicG9zdF9saW5rX3VybF9wYWdlIiwic2V0dGluZ3MiOnsicG9zdF9pZCI6IjE2NDA1In19@&#8221; button_text=&#8221;powrót do przeglądu kursów&#8221; button_alignment=&#8221;right&#8221; _builder_version=&#8221;4.17.4&#8243; _dynamic_attributes=&#8221;button_url&#8221; _module_preset=&#8221;default&#8221; custom_margin=&#8221;||36px|||&#8221; global_colors_info=&#8221;{}&#8221;][/et_pb_button][/et_pb_column][/et_pb_row][/et_pb_section]

<p>Wrzeciono Przędzenie ręczne i na kole przędzalniczym Kiedy: każdy 1 i 3 wtorek miesiąca, godz. 17.00. Więcej informacji: spinnkreis-greifswald.de</p>
