{"id":16508,"date":"2022-07-01T19:54:08","date_gmt":"2022-07-01T17:54:08","guid":{"rendered":"https:\/\/www.kulturzentrum.greifswald.de\/project\/kwiatowy-obraz-akwarelowy\/"},"modified":"2022-07-03T19:13:14","modified_gmt":"2022-07-03T17:13:14","slug":"kwiatowy-obraz-akwarelowy","status":"publish","type":"project","link":"https:\/\/www.kulturzentrum.greifswald.de\/pl\/project\/kwiatowy-obraz-akwarelowy\/","title":{"rendered":"Kwiatowy obraz akwarelowy"},"content":{"rendered":"[et_pb_section fb_built=&#8221;1&#8243; _builder_version=&#8221;4.17.4&#8243; _module_preset=&#8221;default&#8221; global_colors_info=&#8221;{}&#8221;][et_pb_row column_structure=&#8221;2_5,3_5&#8243; _builder_version=&#8221;4.17.4&#8243; _module_preset=&#8221;default&#8221; global_colors_info=&#8221;{}&#8221; custom_margin=&#8221;45px|auto||auto||&#8221;][et_pb_column type=&#8221;2_5&#8243; _builder_version=&#8221;4.17.4&#8243; _module_preset=&#8221;default&#8221; global_colors_info=&#8221;{}&#8221;][et_pb_text _builder_version=&#8221;4.17.4&#8243; _module_preset=&#8221;default&#8221; hover_enabled=&#8221;0&#8243; global_colors_info=&#8221;{}&#8221; header_2_font=&#8221;Cormorant Garamond|700|||||||&#8221; header_2_font_size=&#8221;30px&#8221; sticky_enabled=&#8221;0&#8243;]\n<h2>Kwiatowy obraz akwarelowy<\/h2>\n[\/et_pb_text][et_pb_image src=&#8221;https:\/\/www.kulturzentrum.greifswald.de\/wp-content\/uploads\/2022\/07\/aquarellkurs.jpg&#8221; alt=&#8221;Zdj\u0119cie: Katharina Merz&#8221; title_text=&#8221;kurs akwareli&#8221; _builder_version=&#8221;4.17.4&#8243; _module_preset=&#8221;default&#8221; custom_margin=&#8221;||23px|||&#8221; hover_enabled=&#8221;0&#8243; global_colors_info=&#8221;{}&#8221; sticky_enabled=&#8221;0&#8243;][\/et_pb_image][et_pb_text _builder_version=&#8221;4.17.4&#8243; _module_preset=&#8221;default&#8221; hover_enabled=&#8221;0&#8243; global_colors_info=&#8221;{}&#8221; sticky_enabled=&#8221;0&#8243;]\n<p><span style=\"color: #ff0000;\"><strong>Kurs wideo!<\/strong><\/span>  Je\u015bli jeste\u015b zainteresowany zanurzeniem si\u0119 w technik\u0119 malowania akwarelami kwiat\u00f3w z Jenny Thalheim, skontaktuj si\u0119 z nami. Dost\u0119pne s\u0105 4 filmy.<br \/><strong>Op\u0142ata za kurs (4 filmy):<\/strong> 40,00 \u20ac<br \/><strong>Informacje o Jenny Thalheim: <\/strong><a href=\"https:\/\/jennomat.com\" target=\"_blank\" rel=\"noopener\">jennomat.com<\/a><\/p>\n<p><span> <\/span><\/p>\n[\/et_pb_text][et_pb_button button_text=&#8221;powr\u00f3t do przegl\u0105du kurs\u00f3w&#8221; _builder_version=&#8221;4.17.4&#8243; _module_preset=&#8221;default&#8221; button_url=&#8221;@ET-DC@eyJkeW5hbWljIjp0cnVlLCJjb250ZW50IjoicG9zdF9saW5rX3VybF9wYWdlIiwic2V0dGluZ3MiOnsicG9zdF9pZCI6IjE2NDA1In19@&#8221; _dynamic_attributes=&#8221;button_url&#8221; hover_enabled=&#8221;0&#8243; sticky_enabled=&#8221;0&#8243; global_module=&#8221;16888&#8243; saved_tabs=&#8221;all&#8221;][\/et_pb_button][\/et_pb_column][et_pb_column type=&#8221;3_5&#8243; _builder_version=&#8221;4.17.4&#8243; _module_preset=&#8221;default&#8221; global_colors_info=&#8221;{}&#8221;][et_pb_video src=&#8221;https:\/\/youtu.be\/YPI2q_JBLQU&#8221; _builder_version=&#8221;4.17.4&#8243; _module_preset=&#8221;default&#8221; custom_margin=&#8221;||7px|||&#8221; global_colors_info=&#8221;{}&#8221;][\/et_pb_video][et_pb_text _builder_version=&#8221;4.17.4&#8243; _module_preset=&#8221;default&#8221; global_colors_info=&#8221;{}&#8221;]\n<p>Teaser video<\/p>\n[\/et_pb_text][\/et_pb_column][\/et_pb_row][\/et_pb_section]\n","protected":false},"excerpt":{"rendered":"<p>Kwiatowy obraz akwarelowyKurs wideo! Je\u015bli jeste\u015b zainteresowany zanurzeniem si\u0119 w technik\u0119 malowania akwarelami kwiat\u00f3w z Jenny Thalheim, skontaktuj si\u0119 z nami. Dost\u0119pne s\u0105 4 filmy.Op\u0142ata za kurs (4 filmy): 40,00 [&hellip;]<\/p>\n","protected":false},"author":7,"featured_media":16485,"comment_status":"closed","ping_status":"closed","template":"","meta":{"_et_pb_use_builder":"on","_et_pb_old_content":"","_et_gb_content_width":""},"project_category":[110],"project_tag":[],"acf":[],"_links":{"self":[{"href":"https:\/\/www.kulturzentrum.greifswald.de\/pl\/wp-json\/wp\/v2\/project\/16508"}],"collection":[{"href":"https:\/\/www.kulturzentrum.greifswald.de\/pl\/wp-json\/wp\/v2\/project"}],"about":[{"href":"https:\/\/www.kulturzentrum.greifswald.de\/pl\/wp-json\/wp\/v2\/types\/project"}],"author":[{"embeddable":true,"href":"https:\/\/www.kulturzentrum.greifswald.de\/pl\/wp-json\/wp\/v2\/users\/7"}],"replies":[{"embeddable":true,"href":"https:\/\/www.kulturzentrum.greifswald.de\/pl\/wp-json\/wp\/v2\/comments?post=16508"}],"version-history":[{"count":0,"href":"https:\/\/www.kulturzentrum.greifswald.de\/pl\/wp-json\/wp\/v2\/project\/16508\/revisions"}],"wp:featuredmedia":[{"embeddable":true,"href":"https:\/\/www.kulturzentrum.greifswald.de\/pl\/wp-json\/wp\/v2\/media\/16485"}],"wp:attachment":[{"href":"https:\/\/www.kulturzentrum.greifswald.de\/pl\/wp-json\/wp\/v2\/media?parent=16508"}],"wp:term":[{"taxonomy":"project_category","embeddable":true,"href":"https:\/\/www.kulturzentrum.greifswald.de\/pl\/wp-json\/wp\/v2\/project_category?post=16508"},{"taxonomy":"project_tag","embeddable":true,"href":"https:\/\/www.kulturzentrum.greifswald.de\/pl\/wp-json\/wp\/v2\/project_tag?post=16508"}],"curies":[{"name":"wp","href":"https:\/\/api.w.org\/{rel}","templated":true}]}}

[et_pb_section fb_built=&#8221;1&#8243; _builder_version=&#8221;4.17.4&#8243; _module_preset=&#8221;default&#8221; global_colors_info=&#8221;{}&#8221;][et_pb_row column_structure=&#8221;2_5,3_5&#8243; _builder_version=&#8221;4.17.4&#8243; _module_preset=&#8221;default&#8221; global_colors_info=&#8221;{}&#8221; custom_margin=&#8221;45px|auto||auto||&#8221;][et_pb_column type=&#8221;2_5&#8243; _builder_version=&#8221;4.17.4&#8243; _module_preset=&#8221;default&#8221; global_colors_info=&#8221;{}&#8221;][et_pb_text _builder_version=&#8221;4.17.4&#8243; _module_preset=&#8221;default&#8221; hover_enabled=&#8221;0&#8243; global_colors_info=&#8221;{}&#8221; header_2_font=&#8221;Cormorant Garamond|700|||||||&#8221; header_2_font_size=&#8221;30px&#8221; sticky_enabled=&#8221;0&#8243;]
<h2>Kwiatowy obraz akwarelowy</h2>
[/et_pb_text][et_pb_image src=&#8221;https://www.kulturzentrum.greifswald.de/wp-content/uploads/2022/07/aquarellkurs.jpg&#8221; alt=&#8221;Zdjęcie: Katharina Merz&#8221; title_text=&#8221;kurs akwareli&#8221; _builder_version=&#8221;4.17.4&#8243; _module_preset=&#8221;default&#8221; custom_margin=&#8221;||23px|||&#8221; hover_enabled=&#8221;0&#8243; global_colors_info=&#8221;{}&#8221; sticky_enabled=&#8221;0&#8243;][/et_pb_image][et_pb_text _builder_version=&#8221;4.17.4&#8243; _module_preset=&#8221;default&#8221; hover_enabled=&#8221;0&#8243; global_colors_info=&#8221;{}&#8221; sticky_enabled=&#8221;0&#8243;]
<p><span style="color: #ff0000;"><strong>Kurs wideo!</strong></span>  Jeśli jesteś zainteresowany zanurzeniem się w technikę malowania akwarelami kwiatów z Jenny Thalheim, skontaktuj się z nami. Dostępne są 4 filmy.<br /><strong>Opłata za kurs (4 filmy):</strong> 40,00 €<br /><strong>Informacje o Jenny Thalheim: </strong><a href="https://jennomat.com" target="_blank" rel="noopener">jennomat.com</a></p>
<p><span> </span></p>
[/et_pb_text][et_pb_button button_text=&#8221;powrót do przeglądu kursów&#8221; _builder_version=&#8221;4.17.4&#8243; _module_preset=&#8221;default&#8221; button_url=&#8221;@ET-DC@eyJkeW5hbWljIjp0cnVlLCJjb250ZW50IjoicG9zdF9saW5rX3VybF9wYWdlIiwic2V0dGluZ3MiOnsicG9zdF9pZCI6IjE2NDA1In19@&#8221; _dynamic_attributes=&#8221;button_url&#8221; hover_enabled=&#8221;0&#8243; sticky_enabled=&#8221;0&#8243; global_module=&#8221;16888&#8243; saved_tabs=&#8221;all&#8221;][/et_pb_button][/et_pb_column][et_pb_column type=&#8221;3_5&#8243; _builder_version=&#8221;4.17.4&#8243; _module_preset=&#8221;default&#8221; global_colors_info=&#8221;{}&#8221;][et_pb_video src=&#8221;https://youtu.be/YPI2q_JBLQU&#8221; _builder_version=&#8221;4.17.4&#8243; _module_preset=&#8221;default&#8221; custom_margin=&#8221;||7px|||&#8221; global_colors_info=&#8221;{}&#8221;][/et_pb_video][et_pb_text _builder_version=&#8221;4.17.4&#8243; _module_preset=&#8221;default&#8221; global_colors_info=&#8221;{}&#8221;]
<p>Teaser video</p>
[/et_pb_text][/et_pb_column][/et_pb_row][/et_pb_section]

<p>Kwiatowy obraz akwarelowyKurs wideo! Jeśli jesteś zainteresowany zanurzeniem się w technikę malowania akwarelami kwiatów z Jenny Thalheim, skontaktuj się z nami. Dostępne są 4 filmy.Opłata za kurs (4 filmy): 40,00 [&hellip;]</p>
