{"id":16943,"date":"2022-07-03T14:49:30","date_gmt":"2022-07-03T12:49:30","guid":{"rendered":"https:\/\/www.kulturzentrum.greifswald.de\/kontakt\/"},"modified":"2022-07-03T14:49:31","modified_gmt":"2022-07-03T12:49:31","slug":"kontakt","status":"publish","type":"page","link":"https:\/\/www.kulturzentrum.greifswald.de\/pl\/kontakt\/","title":{"rendered":"Kontakt"},"content":{"rendered":"[et_pb_section fb_built=&#8221;1&#8243; _builder_version=&#8221;4.16&#8243; global_colors_info=&#8221;{}&#8221;][et_pb_row column_structure=&#8221;2_5,3_5&#8243; _builder_version=&#8221;4.17.4&#8243; _module_preset=&#8221;default&#8221; global_colors_info=&#8221;{}&#8221;][et_pb_column type=&#8221;2_5&#8243; _builder_version=&#8221;4.17.4&#8243; _module_preset=&#8221;default&#8221; global_colors_info=&#8221;{}&#8221;][et_pb_text _builder_version=&#8221;4.17.4&#8243; _module_preset=&#8221;default&#8221; hover_enabled=&#8221;0&#8243; global_colors_info=&#8221;{}&#8221; header_font=&#8221;Cormorant Garamond|700|||||||&#8221; header_font_size=&#8221;50px&#8221; sticky_enabled=&#8221;0&#8243;]\n<h1 class=\"entry-title\">Kontakt<\/h1>\n<div class=\"entry-content\">\n<div class=\"entry-content\">\n<p>D\u0142uga droga 49\/51<br \/>17489 Greifswald<\/p>\n<p>Tel. 03834 8536-4444<br \/>Fax 03834 8536-4442<br \/>Re\u017cyser: Imke Freiberg<br \/>E-mail: <a href=\"mailto:St.Spiritus@greifswald.de\">St.Spiritus@greifswald.de<\/a><\/p>\n<\/div>\n<\/div>\n<p><b><\/b><\/p>\n<p><strong>SEKRETARIAT<\/strong><br \/><span>Poniedzia\u0142ek: 12.30 &#8211; 16.00<br \/>Wtorek: 10.00 &#8211; 12.00 i 12.30 &#8211; 16.00<br \/>\u015aroda: godz. 10.00 &#8211; 12.00<br \/>Czwartek: 10.00 &#8211; 12.00 i 12.30 &#8211; 16.00<br \/>Pi\u0105tek: 10.00 &#8211; 12.00<\/span><\/p>\n<p><b>GALERIA W KAPLICY<\/b><br \/><span>Od poniedzia\u0142ku do pi\u0105tku: 12.00 &#8211; 17.00, wst\u0119p wolny.<\/span><\/p>\n[\/et_pb_text][\/et_pb_column][et_pb_column type=&#8221;3_5&#8243; _builder_version=&#8221;4.17.4&#8243; _module_preset=&#8221;default&#8221; global_colors_info=&#8221;{}&#8221;][et_pb_text _builder_version=&#8221;4.17.4&#8243; _module_preset=&#8221;default&#8221; global_colors_info=&#8221;{}&#8221;]\n<p><strong>NASZA LOKALIZACJA NA GOOGLE-MAPS<br \/><\/strong><span>Z t\u0105 map\u0105 nie mo\u017cna przegapi\u0107 drogi do nas:<\/span><\/p>\n[\/et_pb_text][et_pb_code _builder_version=&#8221;4.17.4&#8243; _module_preset=&#8221;default&#8221; global_colors_info=&#8221;{}&#8221;]<iframe loading=\"lazy\" style=\"border: 0;\" src=\"https:\/\/www.google.com\/maps\/embed?pb=!1m18!1m12!1m3!1d2339.7527955652176!2d13.373838215573919!3d54.095858180142905!2m3!1f0!2f0!3f0!3m2!1i1024!2i768!4f13.1!3m3!1m2!1s0x47ab74efb9fb278f%3A0xa7ccfd5188b1d997!2sSt.%20Spiritus%20Sozio-kulturelles%20Zentrum!5e0!3m2!1sde!2sde!4v1620582349647!5m2!1sde!2sde\" width=\"600\" height=\"450\" allowfullscreen=\"allowfullscreen\"><\/iframe>[\/et_pb_code][\/et_pb_column][\/et_pb_row][\/et_pb_section]\n","protected":false},"excerpt":{"rendered":"<p>Kontakt D\u0142uga droga 49\/5117489 GreifswaldTel. 03834 8536-4444Fax 03834 8536-4442Re\u017cyser: Imke FreibergE-mail: St.Spiritus@greifswald.de SEKRETARIATPoniedzia\u0142ek: 12.30 &#8211; 16.00Wtorek: 10.00 &#8211; 12.00 i 12.30 &#8211; 16.00\u015aroda: godz. 10.00 &#8211; 12.00Czwartek: 10.00 &#8211; 12.00 [&hellip;]<\/p>\n","protected":false},"author":7,"featured_media":0,"parent":0,"menu_order":10,"comment_status":"closed","ping_status":"closed","template":"","meta":{"_et_pb_use_builder":"on","_et_pb_old_content":"","_et_gb_content_width":""},"acf":[],"_links":{"self":[{"href":"https:\/\/www.kulturzentrum.greifswald.de\/pl\/wp-json\/wp\/v2\/pages\/16943"}],"collection":[{"href":"https:\/\/www.kulturzentrum.greifswald.de\/pl\/wp-json\/wp\/v2\/pages"}],"about":[{"href":"https:\/\/www.kulturzentrum.greifswald.de\/pl\/wp-json\/wp\/v2\/types\/page"}],"author":[{"embeddable":true,"href":"https:\/\/www.kulturzentrum.greifswald.de\/pl\/wp-json\/wp\/v2\/users\/7"}],"replies":[{"embeddable":true,"href":"https:\/\/www.kulturzentrum.greifswald.de\/pl\/wp-json\/wp\/v2\/comments?post=16943"}],"version-history":[{"count":0,"href":"https:\/\/www.kulturzentrum.greifswald.de\/pl\/wp-json\/wp\/v2\/pages\/16943\/revisions"}],"wp:attachment":[{"href":"https:\/\/www.kulturzentrum.greifswald.de\/pl\/wp-json\/wp\/v2\/media?parent=16943"}],"curies":[{"name":"wp","href":"https:\/\/api.w.org\/{rel}","templated":true}]}}

[et_pb_section fb_built=&#8221;1&#8243; _builder_version=&#8221;4.16&#8243; global_colors_info=&#8221;{}&#8221;][et_pb_row column_structure=&#8221;2_5,3_5&#8243; _builder_version=&#8221;4.17.4&#8243; _module_preset=&#8221;default&#8221; global_colors_info=&#8221;{}&#8221;][et_pb_column type=&#8221;2_5&#8243; _builder_version=&#8221;4.17.4&#8243; _module_preset=&#8221;default&#8221; global_colors_info=&#8221;{}&#8221;][et_pb_text _builder_version=&#8221;4.17.4&#8243; _module_preset=&#8221;default&#8221; hover_enabled=&#8221;0&#8243; global_colors_info=&#8221;{}&#8221; header_font=&#8221;Cormorant Garamond|700|||||||&#8221; header_font_size=&#8221;50px&#8221; sticky_enabled=&#8221;0&#8243;]
<h1 class="entry-title">Kontakt</h1>
<div class="entry-content">
<div class="entry-content">
<p>Długa droga 49/51<br />17489 Greifswald</p>
<p>Tel. 03834 8536-4444<br />Fax 03834 8536-4442<br />Reżyser: Imke Freiberg<br />E-mail: <a href="mailto:St.Spiritus@greifswald.de">St.Spiritus@greifswald.de</a></p>
</div>
</div>
<p><b></b></p>
<p><strong>SEKRETARIAT</strong><br /><span>Poniedziałek: 12.30 &#8211; 16.00<br />Wtorek: 10.00 &#8211; 12.00 i 12.30 &#8211; 16.00<br />Środa: godz. 10.00 &#8211; 12.00<br />Czwartek: 10.00 &#8211; 12.00 i 12.30 &#8211; 16.00<br />Piątek: 10.00 &#8211; 12.00</span></p>
<p><b>GALERIA W KAPLICY</b><br /><span>Od poniedziałku do piątku: 12.00 &#8211; 17.00, wstęp wolny.</span></p>
[/et_pb_text][/et_pb_column][et_pb_column type=&#8221;3_5&#8243; _builder_version=&#8221;4.17.4&#8243; _module_preset=&#8221;default&#8221; global_colors_info=&#8221;{}&#8221;][et_pb_text _builder_version=&#8221;4.17.4&#8243; _module_preset=&#8221;default&#8221; global_colors_info=&#8221;{}&#8221;]
<p><strong>NASZA LOKALIZACJA NA GOOGLE-MAPS<br /></strong><span>Z tą mapą nie można przegapić drogi do nas:</span></p>
[/et_pb_text][et_pb_code _builder_version=&#8221;4.17.4&#8243; _module_preset=&#8221;default&#8221; global_colors_info=&#8221;{}&#8221;]<iframe loading="lazy" style="border: 0;" src="https://www.google.com/maps/embed?pb=!1m18!1m12!1m3!1d2339.7527955652176!2d13.373838215573919!3d54.095858180142905!2m3!1f0!2f0!3f0!3m2!1i1024!2i768!4f13.1!3m3!1m2!1s0x47ab74efb9fb278f%3A0xa7ccfd5188b1d997!2sSt.%20Spiritus%20Sozio-kulturelles%20Zentrum!5e0!3m2!1sde!2sde!4v1620582349647!5m2!1sde!2sde" width="600" height="450" allowfullscreen="allowfullscreen"></iframe>[/et_pb_code][/et_pb_column][/et_pb_row][/et_pb_section]

<p>Kontakt Długa droga 49/5117489 GreifswaldTel. 03834 8536-4444Fax 03834 8536-4442Reżyser: Imke FreibergE-mail: St.Spiritus@greifswald.de SEKRETARIATPoniedziałek: 12.30 &#8211; 16.00Wtorek: 10.00 &#8211; 12.00 i 12.30 &#8211; 16.00Środa: godz. 10.00 &#8211; 12.00Czwartek: 10.00 &#8211; 12.00 [&hellip;]</p>
